= -2*l**2 + 13*l - 7. Let z(k) = 3*k**2 - 19*k + 10. Let i(d) = -7*g(d) - 5*z(d). What is the units digit of i(v)?
2
What is the hundreds digit of 10/(-25) - (-517)/5?
1
Let q(b) = 3 - 3 + 3 + 4*b - 3*b. Let o be q(-5). What is the units digit of o + (-1 - -2) - -12?
1
Let o(b) = 3 + 9*b - 3*b + 2 - 2 + b**3 - 5*b**2. What is the units digit of o(3)?
3
Let n = -30 + 52. What is the units digit of n?
2
Let x be 6 + 9/(-3)*-1. Let m = 9 + x. What is the units digit of m?
8
Let i = -3 + 16. Suppose -i = -3*d + 50. What is the tens digit of d?
2
Let t(p) = -3*p**3 - 15*p + 6. Let b(v) = 2*v**3 + 8*v - 3. Let x(d) = 5*b(d) + 3*t(d). What is the units digit of x(3)?
5
What is the tens digit of (-2)/(-6) - (807/(-9) + 0)?
9
Let c(z) = -4*z**3 + z**2 + 3*z + 2. Let d be c(3). Let g = d - -128. What is the units digit of g/12 + (-1)/3?
3
Let n be (4/12)/(3/1422). Suppose 0 = 4*f + 2*a - n, -f + 2*a = f - 64. What is the tens digit of f?
3
Let x(k) = 10 + 2 + 4*k - 3*k + 0*k. Suppose -4*b - m = 38, 5*b - 5*m + 1 = -59. What is the units digit of x(b)?
2
Suppose 3*j = -2*f + 2 + 2, 3*f + 4*j - 4 = 0. What is the tens digit of 3/(-12) - 45/f?
1
Suppose 69 = 3*d + 3*r, -2*d + d + 27 = 2*r. What is the tens digit of d?
1
Let p(r) = -5*r**2 + 12*r + 5. Let q(o) = 6*o**2 - 13*o - 6. Let l(v) = 5*p(v) + 4*q(v). Let f be l(9). Let w = -4 - f. What is the units digit of w?
4
Let y = 9 - 3. Let a(g) = 4*g**3 - 3*g**3 - 3 - 1 - 4*g + 3*g**2 + y. What is the units digit of a(-4)?
2
What is the tens digit of (-6)/1*(-12 + 1)?
6
Let m(w) = -w**3 - 4*w**2 - 4*w + 1. Let d be m(-3). Suppose -3*h - 3*f - 4 = -f, 3*h + f = -2. What is the units digit of (h - 2)*(-14)/d?
7
Let i(n) = 54*n**2 - 2. What is the tens digit of i(2)?
1
Let p = -21 + 38. What is the tens digit of p?
1
Let r(z) = -z - 1. Let f be r(5). What is the tens digit of ((-4)/f)/(6/207)?
2
Suppose -5*s + 76 = 3*a, -2*s + 2 + 32 = 3*a. What is the tens digit of s?
1
Let c(n) = 2*n + 76. What is the units digit of c(0)?
6
Suppose 0*z - 2*z - 40 = 0. Let p = 14 + z. Let h = -5 - p. What is the units digit of h?
1
Let f(s) = s**3 + 7*s**2 + 2*s - 8. Let h be f(-6). What is the units digit of -3 + h + (1 - 0)?
4
Let n(k) = k**3 - 8*k**2 + 6*k - 24. What is the tens digit of n(8)?
2
Let n(m) = 4*m**3 - 2*m**2 - 1. Let c = 5 + -3. What is the units digit of n(c)?
3
What is the units digit of 182/21*9*(-2)/(-3)?
2
Let t(h) = 72*h**2. Let x be t(-1). Suppose 3*v - 7*v + x = 0. What is the tens digit of v?
1
Let z = 9 + -14. Let y = -1 - z. Suppose 0*k = k + y*f - 26, -k = 5*f - 30. What is the tens digit of k?
1
Suppose -10 = -5*q, 3*f = 5*q + 36 + 23. What is the tens digit of f?
2
Let t = -2 + 73. Let k = t + -41. What is the tens digit of k?
3
Let j(c) = 2*c**2 - 6*c + 5. What is the units digit of j(5)?
5
Let x = -70 + 112. What is the units digit of x?
2
Let x(q) = -q + 15. Let f be x(12). Let r = -50 - -99. Suppose f*h = 8 + r. What is the units digit of h?
9
Let g(a) = -a - 16. Let p be g(-13). What is the units digit of 1/(-3) - 52/p?
7
Let q(w) = w**3 - 6*w**2 - 2*w + 9. Let n be q(6). What is the tens digit of n*(-3)/3 + 15?
1
Let k(w) = -w**3 - 6 + 9*w**2 - 3*w**2 + 0*w**3 - 2*w. Suppose 5*c - 4*q = 29, 5*c - 8 - 13 = -4*q. What is the units digit of k(c)?
9
What is the units digit of 1 + -1*(-96)/4?
5
Let c(h) = -42*h - 2. What is the tens digit of c(-1)?
4
Let j = 10 - 8. What is the units digit of 3 - (0 + -6)/j?
6
What is the tens digit of -4 + 91/((-1)/1 + 2)?
8
Let s(x) = -5*x**3 + 6*x**2 - 4*x - 5. Let l(k) = -10*k**3 + 11*k**2 - 7*k - 9. Let r(i) = 4*l(i) - 7*s(i). What is the units digit of r(-1)?
6
Suppose -36 = -5*q + h, 0 = 2*q + 6*h - h - 9. What is the units digit of q?
7
Let t = -140 + 224. What is the tens digit of t?
8
Suppose -3*m - 18 = -3. Let c be (m + 2 + -2)/(-1). Suppose -5*k = -c*j + 70, -2*j - j + 34 = 5*k. What is the tens digit of j?
1
Let y(p) = 38*p - 1. Let s = 11 + -10. What is the tens digit of y(s)?
3
Suppose 0 = -u + 3*u - 32. Let p = -26 + u. What is the tens digit of 32*(p/4 - -3)?
1
Let c = -154 - -333. What is the units digit of c?
9
Suppose -158 = -5*a + 332. What is the units digit of a?
8
What is the tens digit of 0*(-2)/6 - -12?
1
Suppose q = -3*x - 4, -5*x - 6 = 2*q - 0*q. What is the units digit of q/(-3) - (-22)/6?
3
Let z(r) = r**3 + 11*r**2 - 15*r + 9. What is the tens digit of z(-11)?
7
Let q be (-1)/(-3)*(-24)/(-4). Let x = q - -6. What is the units digit of x?
8
Suppose 200 = 2*d + 3*d. Let i = 54 + -82. Let x = i + d. What is the tens digit of x?
1
Suppose 4*n - 2*v = 100, v = -2 + 4. What is the tens digit of n?
2
Suppose 0 = -0*u - 5*u + 240. What is the units digit of u?
8
What is the tens digit of 81 + 3 - -3 - 1?
8
Suppose 5*o = 20, 11 = -2*p + 4*o + 3. Suppose -55 = -3*c + 5*v, 29 = -p*c + 4*v + 89. Suppose 0*x - x = -z - c, -4*z = 0. What is the tens digit of x?
1
Let g = -131 - -309. What is the units digit of g?
8
Suppose 9*l = 11*l + 2. Let r(q) = -1 + 9*q**2 + 2 - 2. What is the units digit of r(l)?
8
Let z = 14 - 12. Suppose 0*f + z*f - 18 = 0. What is the units digit of f?
9
Let l(c) = 282*c + 13. What is the units digit of l(1)?
5
Suppose 0 = -y - 5*a + 2*a + 38, 0 = -3*a + 12. Suppose 25 = x - 2*n, y = 2*x - 3*n - 19. What is the tens digit of x?
1
What is the units digit of 39 - (-1 - (3 + -4))?
9
Suppose 2*l - 9 = -3. Suppose -4*y - 16 = -2*k, -l*y = k + y + 10. What is the units digit of k?
2
Suppose 69 = 5*b - 3*p, -3*p + 5*p + 11 = b. Suppose -4*c = -3*z - 3 - b, c + 2*z - 10 = 0. What is the units digit of c?
6
Let x(h) = -h**3 - h**2 - 1. Let t be x(-2). Suppose 2*l - 5*q + 10 = 0, 11 = -l + 4*q + 3. Let n = l + t. What is the units digit of n?
3
Let r(y) = y**3 + 5*y**2 - 8*y + 4. What is the units digit of r(-6)?
6
Let y = 75 + -27. What is the units digit of y?
8
Suppose 2*n - 5*n = 9. Let k = 16 + n. What is the tens digit of k?
1
What is the tens digit of ((-3)/12)/((-2)/344)?
4
Let i(q) = q - 2. Let p be i(4). What is the units digit of 0 - p/1 - -8?
6
Let p(y) = -y**3 + 8*y**2 - 7*y + 4. Let g be 1/(-3) - (-44)/6. Let r be p(g). Suppose r*q - 60 = -0*q. What is the tens digit of q?
1
Suppose 0*d + 6 = 3*d. What is the units digit of ((-6)/1)/(d/(-4))?
2
Let t(u) = -u**3 - 5*u**2 - 4*u. Let j be t(-5). What is the units digit of (5 - 1)/(5/j)?
6
Suppose l = -4*j + 8*j - 15, -j + 1 = -3*l. What is the units digit of l?
1
What is the hundreds digit of (4 - 3/1)*331?
3
Suppose 0*t - 5*g = -t + 153, 2*t = 4*g + 294. What is the hundreds digit of t?
1
What is the tens digit of 222/5 - 1/(15/(-9))?
4
Let n be 4/(-2) - (-18)/9. Suppose 2*c - c - 1 = n. What is the units digit of c?
1
Suppose 5*x = -v + 148, -1 = -v + 2. What is the tens digit of x?
2
Suppose -57*t + 832 = -53*t. What is the units digit of t?
8
Suppose -4*m + 284 = 56. What is the tens digit of m?
5
Let n(z) = z**2 + 1. Let c be n(-1). Suppose -c*f = 3*f + 45. Let j = f - -15. What is the units digit of j?
6
Suppose -4*b + 5*s = -36, 0*b - s - 16 = -3*b. Suppose 0 = b*f + 3 + 21. Let o(n) = -n - 4. What is the units digit of o(f)?
2
Let h(p) = -2*p + 2*p**2 - 4*p**2 + 2*p**3 + p**2. Let a be h(2). What is the tens digit of 2/8 - (-86)/a?
1
Let c = 69 - 36. What is the units digit of c?
3
What is the units digit of 4*4/(1 + 0)?
6
What is the units digit of -7*((-8)/2 + 2)?
4
Suppose 0 = 2*l + 24 - 136. Suppose -2*y + 5*h = -l, 2*y - 175 = -3*y - 5*h. What is the units digit of y?
3
Let a(n) = -n**3 - 7*n**2 + 9*n - 20. What is the tens digit of a(-9)?
6
Suppose -b + 6*b - 260 = 0. What is the units digit of b?
2
Let c be (-2)/2 + 1 + 2. Suppose -5*g + 2*v + 179 = 0, -c*g + 3*v - 2*v + 72 = 0. What is the tens digit of g?
3
Let f(z) = -5*z + 4. Let t(k) = -4*k + 3. Let d(w) = -3*f(w) + 4*t(w). Let q be (11/2)/((-9)/18). What is the units digit of d(q)?
1
Suppose -4*f = -0*f - 20. Suppose f*i + 14 = 4*c, 2*c + 0 - 10 = 4*i. Let w(n) = -n**3 - 2*n - 1. What is the tens digit of w(i)?
1
Suppose -m + 20 = 4*m. Let j(b) = -b**3 - 10*b**2 - 10*b - 10. Let w be j(-9). What is the tens digit of w/m - 164/(-16)?
1
Suppose 11*o - o = 440. What is the tens digit of o?
4
Let f(t) = t**3 + t**2 - t - 2. Let r be f(0). Let y be -1 - (1 + 1 + r). Let h(p) = p**2. What is the un